tors of 5194.
2, 7, 53
List the prime factors of 930.
2, 3, 5, 31
List the prime factors of 66761.
101, 661
What are the prime factors of 670?
2, 5, 67
What are the prime factors of 1062?
2, 3, 59
List the prime factors of 1094.
2, 547
List the prime factors of 10098.
2, 3, 11, 17
List the prime factors of 18134.
2, 9067
List the prime factors of 99128.
2, 12391
What are the prime factors of 251?
251
List the prime factors of 1386.
2, 3, 7, 11
List the prime factors of 1418.
2, 709
What are the prime factors of 701?
701
List the prime factors of 3450.
2, 3, 5, 23
What are the prime factors of 8143?
17, 479
What are the prime factors of 1012?
2, 11, 23
List the prime factors of 4255.
5, 23, 37
List the prime factors of 2155.
5, 431
What are the prime factors of 2038?
2, 1019
List the prime factors of 2595.
3, 5, 173
What are the prime factors of 492?
2, 3, 41
List the prime factors of 1117.
1117
List the prime factors of 20048.
2, 7, 179
List the prime factors of 22848.
2, 3, 7, 17
List the prime factors of 878.
2, 439
What are the prime factors of 284?
2, 71
List the prime factors of 8564.
2, 2141
List the prime factors of 1785.
3, 5, 7, 17
List the prime factors of 66747.
3, 19, 1171
List the prime factors of 2516.
2, 17, 37
What are the prime factors of 116?
2, 29
List the prime factors of 105873.
3, 35291
List the prime factors of 150.
2, 3, 5
What are the prime factors of 36556?
2, 13, 19, 37
What are the prime factors of 168?
2, 3, 7
What are the prime factors of 15770?
2, 5, 19, 83
List the prime factors of 90024.
2, 3, 11, 31
List the prime factors of 2357.
2357
List the prime factors of 9146.
2, 17, 269
What are the prime factors of 7074?
2, 3, 131
What are the prime factors of 45321?
3, 15107
List the prime factors of 79.
79
What are the prime factors of 48861?
3, 61, 89
List the prime factors of 63407.
163, 389
What are the prime factors of 304?
2, 19
List the prime factors of 77495.
5, 11, 1409
List the prime factors of 40819.
40819
What are the prime factors of 10586?
2, 67, 79
List the prime factors of 565.
5, 113
What are the prime factors of 14184?
2, 3, 197
What are the prime factors of 104085?
3, 5, 257
List the prime factors of 36186.
2, 3, 37, 163
What are the prime factors of 2787?
3, 929
What are the prime factors of 2762?
2, 1381
What are the prime factors of 35051?
35051
What are the prime factors of 5571?
3, 619
List the prime factors of 6110.
2, 5, 13, 47
What are the prime factors of 7089?
3, 17, 139
What are the prime factors of 3820?
2, 5, 191
What are the prime factors of 76830?
2, 3, 5, 13, 197
List the prime factors of 5693.
5693
What are the prime factors of 680?
2, 5, 17
What are the prime factors of 12777?
3, 4259
List the prime factors of 12082.
2, 7, 863
What are the prime factors of 1928?
2, 241
What are the prime factors of 19130?
2, 5, 1913
What are the prime factors of 7393?
7393
List the prime factors of 98396.
2, 17, 1447
What are the prime factors of 1887?
3, 17, 37
What are the prime factors of 8646?
2, 3, 11, 131
What are the prime factors of 24012?
2, 3, 23, 29
What are the prime factors of 43076?
2, 11, 89
What are the prime factors of 527?
17, 31
List the prime factors of 123026.
2, 137, 449
List the prime factors of 1022.
2, 7, 73
List the prime factors of 15807.
3, 11, 479
List the prime factors of 9185.
5, 11, 167
List the prime factors of 944.
2, 59
List the prime factors of 500.
2, 5
What are the prime factors of 60905?
5, 13, 937
List the prime factors of 98072.
2, 13, 23, 41
What are the prime factors of 1608?
2, 3, 67
List the prime factors of 30926.
2, 7, 47
What are the prime factors of 4471?
17, 263
What are the prime factors of 29?
29
List the prime factors of 16709.
7, 11, 31
List the prime factors of 26179.
47, 557
List the prime factors of 2701.
37, 73
What are the prime factors of 14195?
5, 17, 167
What are the prime factors of 761?
761
List the prime factors of 2444.
2, 13, 47
What are the prime factors of 612?
2, 3, 17
What are the prime factors of 7105?
5, 7, 29
What are the prime factors of 10709?
10709
List the prime factors of 22783.
22783
List the prime factors of 36330.
2, 3, 5, 7, 173
List the prime factors of 20051.
20051
What are the prime factors of 1648?
2, 103
List the prime factors of 8228.
2, 11, 17
What are the prime factors of 70474?
2, 167, 211
List the prime factors of 21527.
11, 19, 103
List the prime factors of 211168.
2, 6599
What are the prime factors of 1565?
5, 313
List the prime factors of 666.
2, 3, 37
List the prime factors of 1862.
2, 7, 19
What are the prime factors of 60113?
47, 1279
List the prime factors of 682.
2, 11, 31
What are the prime factors of 32?
2
What are the prime factors of 1100?
2, 5, 11
List the prime factors of 140752.
2, 19, 463
What are the prime factors of 1347?
3, 449
What are the prime factors of 12441?
3, 11, 13, 29
List the prime factors of 2572.
2, 643
What are the prime factors of 11395?
5, 43, 53
What are the prime factors of 955?
5, 191
List the prime factors of 34539.
3, 29, 397
What are the prime factors of 1287?
3, 11, 13
List the prime factors of 961.
31
What are the prime factors of 150729?
3, 47, 1069
List the prime factors of 3447.
3, 383
List the prime factors of 17693.
13, 1361
List the prime factors of 635.
5, 127
List the prime factors of 6272.
2, 7
What are the prime factors of 40907?
19, 2153
What are the prime factors of 75?
3, 5
List the prime factors of 483.
3, 7, 23
List the prime factors of 4504.
2, 563
What are the prime factors of 48573?
3, 7, 257
List the prime factors of 104243.
104243
List the prime factors of 1246.
2, 7, 89
List the prime factors of 5748.
2, 3, 479
What are the prime factors of 264?
2, 3, 11
List the prime factors of 1527.
3, 509
What are the prime factors of 739?
739
List the prime factors of 7009.
43, 163
List the prime factors of 109.
109
List the prime factors of 7815.
3, 5, 521
What are the prime factors of 2070?
2, 3, 5, 23
What are the prime factors of 58327?
17, 47, 73
List the prime factors of 933.
3, 311
What are the prime factors of 530?
2, 5, 53
What are the prime factors of 2711?
2711
What are the prime factors of 9133?
9133
What are the prime factors of 658?
2, 7, 47
What are the prime factors of 12191?
73, 167
What are the prime factors of 3102?
2, 3, 11, 47
What are the prime factors of 2040?
2, 3, 5, 17
What are the prime factors of 9531?
3, 353
List the prime factors of 90700.
2, 5, 907
List the prime factors of 1839.
3, 613
What are the prime factors of 1649?
17, 97
List the prime factors of 2310.
2, 3, 5, 7, 11
What are the prime factors of 76?
2, 19
List the prime factors of 1120.
2, 5, 7
List the prime factors of 9333.
3, 17, 61
List the prime factors of 2415.
3, 5, 7, 23
List the prime factors of 193615.
5, 38723
What are the prime factors of 66015?
3, 5, 163
List the prime factors of 1278.
2, 3, 71
List the prime factors of 94866.
2, 3, 97, 163
What are the prime factors of 1197?
3, 7, 19
What are the prime factors of 8004?
2, 3, 23, 29
List the prime factors of 4619.
31, 149
List the prime factors of 7331.
7331
What are the prime factors of 42729?
3, 14243
What are the prime factors of 1149?
3, 383
List the prime factors of 40.
2, 5
What are the prime factors of 7615?
5, 1523
What are the prime factors of 1302?
2, 3, 7, 31
List the prime factors of 90.
2, 3, 5
List the prime factors of 17296.
2, 23, 47
What are the prime factors of 231?
3, 7, 11
What are the prime factors of 4354?
2, 7, 311
What are the prime factors of 3835?
5, 13, 59
What are the prime factors of 706?
2, 353
What are the prime factors of 75604?
2, 41, 461
List the prime factors of 1192.
2, 149
List the prime factors of 2265.
3, 5, 151
List the prime factors of 41894.
2, 20947
What are the prime factors of 5219?
17, 307
What are the prime factors of 8085?
3, 5, 7, 11
List the prime factors of 10274.
2, 11, 467
What are the prime factors of 12943?
7, 43
List the prime factors of 2728.
2, 11, 31
List the prime factors of 511.
7, 73
List the prime factors of 1299.
3, 433
List the prime factors of 4578.
2, 3, 7, 109
List the prime factors of 753.
3, 251
What are the prime factors of 9697?
9697
List the prime factors of 11351.
11351
List the prime factors of 121082.
2, 13, 4657
List the p